
What is the remainder when 57632 is divided by 315?
302
What is the remainder when 16103 is divided by 413?
409
What is the remainder when 77400 is divided by 59?
51
Calculate the remainder when 7459 is divided by 3677.
105
Calculate the remainder when 12525 is divided by 355.
100
Calculate the remainder when 162731 is divided by 573.
572
Calculate the remainder when 111903 is divided by 129.
60
Calculate the remainder when 17320 is divided by 577.
10
Calculate the remainder when 967 is divided by 58.
39
Calculate the remainder when 1842 is divided by 112.
50
What is the remainder when 5350 is divided by 15?
10
Calculate the remainder when 494999 is divided by 988.
11
Calculate the remainder when 1595 is divided by 144.
11
What is the remainder when 7807 is divided by 135?
112
Calculate the remainder when 20454 is divided by 27.
15
Calculate the remainder when 572 is divided by 42.
26
What is the remainder when 1792 is divided by 447?
4
What is the remainder when 21985 is divided by 2723?
201
What is the remainder when 61798 is divided by 33?
22
What is the remainder when 87669 is divided by 59?
54
Calculate the remainder when 110269 is divided by 110193.
76
Calculate the remainder when 9168 is divided by 4576.
16
What is the remainder when 2300 is divided by 144?
140
Calculate the remainder when 1672 is divided by 29.
19
What is the remainder when 4218 is divided by 832?
58
Calculate the remainder when 22872 is divided by 3810.
12
What is the remainder when 14670 is divided by 342?
306
What is the remainder when 125324 is divided by 75?
74
What is the remainder when 15403 is divided by 508?
163
What is the remainder when 81287 is divided by 5419?
2
Calculate the remainder when 17013 is divided by 227.
215
What is the remainder when 1174816 is divided by 33566?
6
Calculate the remainder when 2522 is divided by 280.
2
Calculate the remainder when 267308 is divided by 21.
20
What is the remainder when 3607 is divided by 30?
7
What is the remainder when 14937 is divided by 157?
22
What is the remainder when 3298 is divided by 540?
58
What is the remainder when 46905 is divided by 267?
180
Calculate the remainder when 1716 is divided by 286.
0
What is the remainder when 253 is divided by 244?
9
What is the remainder when 4869 is divided by 55?
29
What is the remainder when 2959 is divided by 1379?
201
Calculate the remainder when 18451 is divided by 9215.
21
Calculate the remainder when 12593 is divided by 899.
7
Calculate the remainder when 2113513 is divided by 1005.
1003
Calculate the remainder when 25016 is divided by 57.
50
What is the remainder when 2766 is divided by 815?
321
Calculate the remainder when 7967 is divided by 273.
50
Calculate the remainder when 11122 is divided by 265.
257
Calculate the remainder when 26806 is divided by 174.
10
Calculate the remainder when 23112 is divided by 14.
12
What is the remainder when 37922 is divided by 4738?
18
What is the remainder when 26510 is divided by 5300?
10
Calculate the remainder when 377334 is divided by 219.
216
Calculate the remainder when 265570 is divided by 4501.
11
Calculate the remainder when 449777 is divided by 224885.
7
Calculate the remainder when 6729 is divided by 52.
21
Calculate the remainder when 9459 is divided by 36.
27
What is the remainder when 8331 is divided by 8251?
80
Calculate the remainder when 3558 is divided by 12.
6
What is the remainder when 19366 is divided by 130?
126
Calculate the remainder when 745 is divided by 464.
281
What is the remainder when 1355 is divided by 345?
320
Calculate the remainder when 5641 is divided by 128.
9
What is the remainder when 2569 is divided by 2555?
14
Calculate the remainder when 2188 is divided by 571.
475
Calculate the remainder when 29506 is divided by 4202.
92
Calculate the remainder when 16144 is divided by 949.
11
What is the remainder when 653831 is divided by 217941?
8
Calculate the remainder when 1938 is divided by 42.
6
Calculate the remainder when 123316 is divided by 442.
440
What is the remainder when 25083 is divided by 218?
13
Calculate the remainder when 674 is divided by 111.
8
Calculate the remainder when 8272 is divided by 590.
12
What is the remainder when 991 is divided by 186?
61
Calculate the remainder when 1197558 is divided by 637.
635
Calculate the remainder when 2987 is divided by 584.
67
What is the remainder when 3008 is divided by 989?
41
What is the remainder when 274383 is divided by 1854?
1845
What is the remainder when 1075296 is divided by 681?
678
Calculate the remainder when 3399622 is divided by 54.
52
Calculate the remainder when 728 is divided by 207.
107
What is the remainder when 1588 is divided by 1584?
4
What is the remainder when 284158 is divided by 60?
58
Calculate the remainder when 6182 is divided by 3084.
14
Calculate the remainder when 35311 is divided by 441.
31
What is the remainder when 3802 is divided by 413?
85
Calculate the remainder when 10027 is divided by 4940.
147
What is the remainder when 51087 is divided by 1161?
3
Calculate the remainder when 279 is divided by 213.
66
Calculate the remainder when 27296 is divided by 545.
46
Calculate the remainder when 76229 is divided by 105.
104
What is the remainder when 21413 is divided by 258?
257
Calculate the remainder when 115884 is divided by 339.
285
Calculate the remainder when 178384 is divided by 161.
157
Calculate the remainder when 3503 is divided by 289.
35
Calculate the remainder when 743 is divided by 22.
17
Calculate the remainder when 535 is divided by 63.
31
Calculate the remainder when 29220 is divided by 29.
17
What is the remainder when 9669 is divided by 210?
9
Calculate the remainder when 11278 is divided by 115.
8
Calculate the remainder when 17215 is divided by 366.
13
Calculate the remainder when 10023 is divided by 19.
10
Calculate the remainder when 1681 is divided by 410.
41
What is the remainder when 11036 is divided by 2755?
16
What is the remainder when 229721 is divided by 4102?
9
What is the remainder when 781 is divided by 255?
16
Calculate the remainder when 5550 is divided by 5271.
279
Calculate the remainder when 9805 is divided by 9628.
177
Calculate the remainder when 2134 is divided by 128.
86
What is the remainder when 3819 is divided by 476?
11
What is the remainder when 1290207 is divided by 1627?
1623
Calculate the remainder when 751217 is divided by 187802.
9
What is the remainder when 899271 is divided by 121?
120
What is the remainder when 6154 is divided by 187?
170
Calculate the remainder when 4385 is divided by 244.
237
What is the remainder when 19101 is divided by 19087?
14
What is the remainder when 3117 is divided by 570?
267
What is the remainder when 5130178 is divided by 79?
76
What is the remainder when 1056 is divided by 81?
3
What is the remainder when 2970 is divided by 51?
12
Calculate the remainder when 3918 is divided by 136.
110
What is the remainder when 189567 is divided by 4?
3
What is the remainder when 584 is divided by 81?
17
What is the remainder when 11798 is divided by 285?
113
What is the remainder when 24126 is divided by 7895?
441
What is the remainder when 861 is divided by 120?
21
Calculate the remainder when 8220 is divided by 4046.
128
Calculate the remainder when 6045 is divided by 9.
6
Calculate the remainder when 101345 is divided by 117.
23
Calculate the remainder when 410567 is divided by 60.
47
Calculate the remainder when 666 is divided by 132.
6
What is the remainder when 15206 is divided by 354?
338
What is the remainder when 1495084 is divided by 1907?
1903
Calculate the remainder when 41256 is divided by 151.
33
What is the remainder when 4431 is divided by 2177?
77
What is the remainder when 152012 is divided by 608?
12
What is the remainder when 10730 is divided by 3569?
23
What is the remainder when 7424 is divided by 244?
104
Calculate the remainder when 220170 is divided by 9.
3
Calculate the remainder when 10227 is divided by 340.
27
What is the remainder when 21910 is divided by 391?
14
Calculate the remainder when 117054 is divided by 124.
122
Calculate the remainder when 4866 is divided by 118.
28
What is the remainder when 53086 is divided by 32?
30
What is the remainder when 23 is divided by 23?
0
Calculate the rem